
Calculate the remainder when 166 is divided by 19.
14
Calculate the remainder when 2661 is divided by 6.
3
Calculate the remainder when 14347 is divided by 50.
47
What is the remainder when 1803 is divided by 57?
36
What is the remainder when 3912 is divided by 9?
6
Calculate the remainder when 844 is divided by 137.
22
What is the remainder when 1118 is divided by 34?
30
What is the remainder when 610 is divided by 55?
5
Calculate the remainder when 79 is divided by 16.
15
Calculate the remainder when 2167 is divided by 24.
7
What is the remainder when 12 is divided by 4?
0
Calculate the remainder when 88 is divided by 38.
12
Calculate the remainder when 266 is divided by 54.
50
Calculate the remainder when 447 is divided by 50.
47
What is the remainder when 693 is divided by 139?
137
What is the remainder when 72 is divided by 41?
31
What is the remainder when 1297 is divided by 161?
9
Calculate the remainder when 1109 is divided by 56.
45
What is the remainder when 570 is divided by 186?
12
Calculate the remainder when 1133 is divided by 376.
5
Calculate the remainder when 1611 is divided by 52.
51
What is the remainder when 306 is divided by 44?
42
What is the remainder when 57 is divided by 25?
7
Calculate the remainder when 4943 is divided by 45.
38
What is the remainder when 171 is divided by 90?
81
What is the remainder when 1389 is divided by 82?
77
What is the remainder when 136 is divided by 37?
25
What is the remainder when 737 is divided by 184?
1
Calculate the remainder when 3418 is divided by 683.
3
What is the remainder when 806 is divided by 82?
68
Calculate the remainder when 31 is divided by 25.
6
What is the remainder when 110 is divided by 40?
30
Calculate the remainder when 204 is divided by 31.
18
What is the remainder when 913 is divided by 31?
14
Calculate the remainder when 155 is divided by 55.
45
What is the remainder when 312 is divided by 67?
44
What is the remainder when 1141 is divided by 102?
19
What is the remainder when 256 is divided by 82?
10
What is the remainder when 5451 is divided by 133?
131
Calculate the remainder when 2798 is divided by 70.
68
Calculate the remainder when 281 is divided by 40.
1
Calculate the remainder when 1619 is divided by 73.
13
Calculate the remainder when 526 is divided by 11.
9
Calculate the remainder when 52 is divided by 27.
25
Calculate the remainder when 23 is divided by 9.
5
What is the remainder when 251 is divided by 20?
11
Calculate the remainder when 519 is divided by 65.
64
Calculate the remainder when 673 is divided by 27.
25
Calculate the remainder when 617 is divided by 96.
41
What is the remainder when 793 is divided by 136?
113
What is the remainder when 3945 is divided by 15?
0
What is the remainder when 154 is divided by 18?
10
What is the remainder when 1969 is divided by 116?
113
What is the remainder when 128 is divided by 42?
2
Calculate the remainder when 1956 is divided by 22.
20
Calculate the remainder when 389 is divided by 15.
14
Calculate the remainder when 316 is divided by 28.
8
Calculate the remainder when 63 is divided by 17.
12
Calculate the remainder when 276 is divided by 41.
30
Calculate the remainder when 378 is divided by 33.
15
Calculate the remainder when 2656 is divided by 38.
34
Calculate the remainder when 882 is divided by 422.
38
Calculate the remainder when 142 is divided by 21.
16
What is the remainder when 17659 is divided by 87?
85
Calculate the remainder when 226 is divided by 10.
6
Calculate the remainder when 79 is divided by 23.
10
What is the remainder when 15745 is divided by 350?
345
What is the remainder when 221 is divided by 16?
13
Calculate the remainder when 41 is divided by 24.
17
What is the remainder when 2213 is divided by 541?
49
What is the remainder when 32 is divided by 21?
11
What is the remainder when 433 is divided by 88?
81
Calculate the remainder when 21 is divided by 13.
8
What is the remainder when 373 is divided by 22?
21
What is the remainder when 2216 is divided by 30?
26
What is the remainder when 111 is divided by 30?
21
What is the remainder when 274 is divided by 46?
44
What is the remainder when 222 is divided by 28?
26
Calculate the remainder when 1803 is divided by 43.
40
What is the remainder when 1336 is divided by 404?
124
What is the remainder when 1196 is divided by 50?
46
What is the remainder when 7721 is divided by 22?
21
What is the remainder when 194 is divided by 25?
19
Calculate the remainder when 565 is divided by 63.
61
What is the remainder when 1858 is divided by 124?
122
What is the remainder when 61 is divided by 4?
1
Calculate the remainder when 728 is divided by 157.
100
What is the remainder when 98 is divided by 17?
13
What is the remainder when 613 is divided by 118?
23
What is the remainder when 97 is divided by 27?
16
Calculate the remainder when 818 is divided by 82.
80
Calculate the remainder when 1775 is divided by 37.
36
Calculate the remainder when 94 is divided by 38.
18
Calculate the remainder when 2096 is divided by 88.
72
Calculate the remainder when 1083 is divided by 52.
43
What is the remainder when 47 is divided by 16?
15
Calculate the remainder when 12506 is divided by 30.
26
Calculate the remainder when 436 is divided by 154.
128
Calculate the remainder when 274 is divided by 35.
29
What is the remainder when 618 is divided by 133?
86
Calculate the remainder when 929 is divided by 71.
6
Calculate the remainder when 238 is divided by 45.
13
What is the remainder when 26 is divided by 26?
0
Calculate the remainder when 4514 is divided by 2256.
2
Calculate the remainder when 747 is divided by 255.
237
Calculate the remainder when 7329 is divided by 3652.
25
What is the remainder when 95 is divided by 21?
11
Calculate the remainder when 549 is divided by 31.
22
What is the remainder when 91 is divided by 44?
3
Calculate the remainder when 1671 is divided by 320.
71
Calculate the remainder when 247 is divided by 53.
35
Calculate the remainder when 1362 is divided by 86.
72
Calculate the remainder when 223 is divided by 113.
110
Calculate the remainder when 507 is divided by 295.
212
What is the remainder when 152 is divided by 13?
9
What is the remainder when 128 is divided by 34?
26
Calculate the remainder when 1188 is divided by 366.
90
What is the remainder when 6963 is divided by 579?
15
What is the remainder when 203 is divided by 68?
67
What is the remainder when 385 is divided by 43?
41
Calculate the remainder when 613 is divided by 99.
19
Calculate the remainder when 222 is divided by 15.
12
What is the remainder when 119 is divided by 33?
20
What is the remainder when 13680 is divided by 44?
40
What is the remainder when 224 is divided by 15?
14
What is the remainder when 2536 is divided by 18?
16
What is the remainder when 543 is divided by 35?
18
Calculate the remainder when 379 is divided by 16.
11
What is the remainder when 16118 is divided by 52?
50
What is the remainder when 267 is divided by 10?
7
What is the remainder when 2111 is divided by 82?
61
Calculate the remainder when 18028 is divided by 10.
8
What is the remainder when 473 is divided by 32?
25
Calculate the remainder when 184 is divided by 63.
58
What is the remainder when 723 is divided by 18?
3
Calculate the remainder when 179 is divided by 176.
3
Calculate the remainder when 340 is divided by 79.
24
What is the remainder when 1902 is divided by 193?
165
Calculate the remainder when 163 is divided by 14.
9
What is the remainder when 14889 is divided by 22?
17
Calculate the remainder when 439 is divided by 10.
9
Calculate the remainder when 82 is divided by 42.
40
What is the remainder when 22 is divided by 6?
4
Calculate the remainder when 293 is divided by 288.
5
What is the remainder when 229 is divided by 86?
57
Calculate the remainder when 634 is divided by 191.
61
Calculate the remainder when 5597 is divided by 8.
5
What is the remainder when 1325 is divided by 441?
2
What is the remainder when 216 is divided by 55?
51
Calculate the remainder when 24 is divided by 17.
7
What is the remainder when 3238 is divided by 202?
6
What is the remainder when 12770 is divided by 99?
98
Calculate the remainder when 814 is divided by 213.
175
What is the remainder when 9 is divided 